w = -4*r - 2. Calculate s(w).
-3
Let s = -91 - -41. Let a = s + 74. Let c(d) = a*d + 12*d - 47*d. What is c(-1)?
11
Suppose -34*f + 24*f + 30 = 0. Suppose -t + f*b = 12, 4*t + 12 = 7*t + 3*b. Let m(z) = -z + 19. Calculate m(t).
19
Let g be (-1)/(-4) + (-190)/(-8). Let q(a) = a - 6. Let m be q(8). Suppose 2*y - g = -4*c, 0 = -4*y + m*c - 12 + 30. Let w(h) = -h**2 + 7*h - 9. What is w(y)?
-3
Let f(m) be the third derivative of -m**6/360 - 7*m**5/120 - 7*m**4/24 + 15*m**3 + 76*m**2. Let h(b) be the first derivative of f(b). Determine h(-7).
-7
Let a = -137 + 139. Suppose 2*g + 2*g + x + 23 = 0, -a*x + 17 = -g. Let z(n) = -n**2 - 6*n + 6. Give z(g).
-1
Let f be (-1920)/(-920) + 2/(-23). Let h(g) = g**3 + g**3 - 4*g - 63*g**2 - g**3 + 2 - 2*g**3 + 58*g**f. What is h(-4)?
2
Let f = 435 - 310. Suppose 119*a - 6 = f*a. Let w(b) = -6*b + 1. Determine w(a).
7
Let g(y) = 13*y + 11. Let v(m) = -7*m - 6. Let u(q) = 3*g(q) + 5*v(q). Let d = 11861 - 11863. Give u(d).
-5
Let b(z) = 5*z**2 + 8*z + 7. Let k(o) = 5*o**2 + 5*o + 4. Let h(y) = -2*b(y) + 3*k(y). Calculate h(4).
74
Let t(q) be the first derivative of q**3/3 - 8*q**2 - 106*q + 1043. Determine t(-5).
-1
Let n(t) = 32*t + 150. Let w be 1*3 - (56/5 + (-2144)/670). What is n(w)?
-10
Let o(h) = -9*h**2 + 30*h - 1 - 77*h + 48*h + 8*h**2 + 37*h**3. Calculate o(1).
36
Let o be -5 + -5*(2 + (-3)/3). Let k(f) = f**2 + 9*f - 18. What is k(o)?
-8
Let p(q) = 16*q - 6. Let x(b) = -2*b - 2. Let n(s) = -39*s + 9. Let a(g) = n(g) - 2*x(g). Let h(f) = 4*a(f) + 9*p(f). What is h(-1)?
-6
Let r(w) = -w**3 - 13*w**2 - 36*w + 11. Suppose -143*d - 5*v = -138*d + 20, 3*d + 4*v + 11 = 0. What is r(d)?
-9
Let a(v) = 2*v + 3. Let f(l) = 100*l + 90. Let t be f(-4). Let y = -314 - t. What is a(y)?
-5
Let m(b) = -4*b**2 + 13*b - 4. Let o(q) = 5*q + 4*q + 5*q - 5 - 9*q**2 + 6*q**2. Let p(n) = 2*m(n) - 3*o(n). Determine p(16).
7
Suppose -39*v + 3 - 2 = 1. Let t(q) be the second derivative of 7*q + 1/2*q**3 + 1/2*q**2 + v. Determine t(1).
4
Suppose 141*w + 891 + 100 - 145 = 0. Let g(c) = 2*c**2 + 8*c + 9. Determine g(w).
33
Let r(m) = -m**3 - 9*m**2 + 10*m + 5. Let f(l) = l**2 - 12*l + 1. Let x be f(11). Let i be r(x). Let s(y) = 17 + 0*y**2 - 35 + 15 - 6*y + y**2. What is s(i)?
-8
Let u(c) = -c - 22. Let v be u(-30). Suppose -92 = -v*n - 36. Let q(l) = 2*l**2 - 15*l + 11. Give q(n).
4
Let z(p) = p**2 + 12*p + 21. Let h be -22 - -30 - (761 - -2). Let g = 746 + h. Determine z(g).
-6
Let m(k) = -52*k - k**3 - 564*k**2 + 607 + 510*k**2 - 575. Give m(-53).
-21
Let s(h) be the first derivative of h**4/4 + 2*h**3 + 2*h**2 - 3*h - 3. Suppose 0 = d - 3*a - 5, 4*d - 33 + 4 = 3*a. Let u be (4/d)/(3 - 2)*-10. Give s(u).
2
Let p(o) be the second derivative of o**3/6 - 5*o**2/2 - o. Let w be (-21)/((-1260)/(-80))*(-108)/16. Give p(w).
4
Let x(f) = -2618*f + 1305*f + 163 + 1336*f. Determine x(-8).
-21
Let m(s) = -s**3 + 10*s**2 + 9*s + 27. Suppose 148 = -10*k + 258. Give m(k).
5
Let a(p) = -2*p**2 - p. Let z = -116 - -116. Suppose -4*v - 30 = -5*f, 2 - 8 = -f - v. Suppose z = f*l + 11 - 5. Give a(l).
-1
Let j be ((-21)/(-14))/(1 + 1/2). Let i(t) = -4*t - 1. Let h(r) = -17*r - 4. Let x(s) = -2*h(s) + 9*i(s). Calculate x(j).
-3
Suppose -5*m - 10 - 5 = -3*k, -15 = -m - 3*k. Suppose 7 = 4*w - 1. Let h(o) = o**w - 482*o - 1 + 482*o + o**3. What is h(m)?
-1
Let i(r) = -57*r - 5922. Let y be i(-104). Let t(n) = -8*n + 29. Give t(y).
-19
Suppose p - 4*p = 3*p + 4*p. Let j(r) = -3*r - 11. Calculate j(p).
-11
Let n(c) = -c**2 - c - 3. Let g be -5*12/40*4. Let d be 4/g + 3/((-36)/(-680)). Let u = -60 + d. Calculate n(u).
-15
Let g be 6/24*-4*(2 - 4). Suppose 5*r + 4 = g*k + 3*r, 10 = -k - 5*r. Let d(q) = q**3 - q. Calculate d(k).
0
Let n(s) be the first derivative of 4*s + 3/2*s**2 + 1/4*s**4 + 12 + 4/3*s**3. Determine n(-3).
4
Suppose 2*l - 5 = -3*i + 5, i + 4 = 3*l. Let u(h) = 51*h - 83. Calculate u(i).
19
Suppose 27*t - 23*t - 288 = 0. Let o = t - 62. Suppose o*s - 2*s + 24 = 0. Let r(j) = 5*j + 4. Calculate r(s).
-11
Let k be 1617/(-105) - 32/20. Let v(y) = -y - 16. Let f(a) = -a - 17. Let t(g) = -4*f(g) + 3*v(g). Determine t(k).
3
Let t(f) = 247*f - 1769. Let s be t(7). Let z(h) = -h**2 - 40*h + 8. What is z(s)?
8
Let v(b) = -b**3 + b**2 - 2*b - 1. Let w(k) = 64*k**3 - 34*k**3 - 8*k - 33*k**3 - 7 + 6*k**2 - k**2. Let n(j) = 4*v(j) - w(j). Calculate n(0).
3
Suppose 2*m + 143 + 471 = 4*u, 0 = -u + 2*m + 146. Let s(r) = -4*r + 149 + u - 313. What is s(-7)?
20
Let d(r) = -r**2 + 11*r - 39. Suppose 0 = w + x - 13, 4*w + 2*x = -x + 56. Calculate d(w).
-141
Let j(h) = 5*h**2 - 134*h - 13. Let s(l) = -26*l**2 + 694*l + 66. Let w(g) = 31*j(g) + 6*s(g). Calculate w(7).
14
Let q be 7*1 - ((-4 - -5) + -4). Suppose -g + q = 8. Let h(x) = -6*x + x**2 + 5*x**2 - x**g - 4*x**2 + 1. Give h(5).
-4
Let o(b) = -2*b - 26. Let z be o(-15). Suppose -z*k = -k - 12. Let y(t) = -t + 3. Calculate y(k).
-1
Suppose 166*q - 1864 - 128 = 0. Let s(v) = -3 + 0*v**2 + 14*v - v**2 - 8. Calculate s(q).
13
Suppose -3*t + 36 = 3*s, -s + 0*s + 14 = 3*t. Let h(n) be the third derivative of -1/24*n**4 + 0 - 15*n**2 + 7/3*n**3 + 0*n. What is h(s)?
3
Let t = 26064 + -26065. Let l(r) be the third derivative of -23*r**6/120 + r**5/60 + r**4/12 + r**3/6 + r**2. Give l(t).
23
Let h(u) = -4*u + 51. Let z(x) = x - 10. Let i(d) = -2*h(d) - 11*z(d). Suppose -q + 5*y + 22 = 5, 5*q - 4*y - 43 = 0. Give i(q).
-13
Let p(q) = -q - 3. Suppose -4*n = -65 + 65. Suppose -4*u = -0*u - 8. Suppose -l + u*l + 2*z - 18 = 0, n = 3*z - 15. Determine p(l).
-11
Let n(r) = 33*r**2 + 15*r - 49. Let x(i) be the first derivative of -20*i**3/3 - 7*i**2/2 + 25*i + 46. Let o(a) = 3*n(a) + 5*x(a). What is o(9)?
-13
Let u = -219 - -44. Let d be -10*14/u*1*5. Let a(p) be the first derivative of -p**4/4 + p**3 + 3*p**2/2 + 15. What is a(d)?
-4
Let y(j) be the first derivative of j**3/3 - 3*j**2/2 - j + 4. Let m be (-19)/((-228)/(-180))*((-4)/10)/2. Calculate y(m).
-1
Let u(j) be the third derivative of j**4/12 - 17*j**3/6 + j**2. Suppose -47*i = 990*i - 14518. Determine u(i).
11
Suppose -39*q - 108 = -45*q. Let u(w) = 21*w + 5 + w**3 - 3*w**2 + q*w - 62*w + 19*w. Calculate u(5).
35
Let g = -32 + 22. Let i(p) = p - 36. Let l(j) = 12. Let t(q) = -i(q) - 4*l(q). What is t(g)?
-2
Let b be (-24)/16*(-2 + (-16)/(-4)). Let v(f) = -22*f**2 + 13*f**2 + 12*f**2 + 2*f. Calculate v(b).
21
Let h(k) be the third derivative of -k**5/60 + 5*k**4/24 - k**2. Let f(n) = 5*n + 30. Let a be f(-3). Let p be (0 + 1 - 0) + -12 + a. What is h(p)?
4
Let i be (1/2)/(1/4). Let m(l) = -7*l - 15. Let f be m(-4). Let s(p) = -10*p**2 - 2*p - 2*p**2 + 0*p + f*p**2. Calculate s(i).
0
Let n(x) be the first derivative of 1/2*x**2 - x + 5/3*x**3 - 107. Calculate n(1).
5
Let t(w) = w**3 + 3*w**2 - 4*w - 12. Let q(k) = -3*k**3 - 9*k**2 + 11*k + 34. Let b(m) = 6*q(m) + 17*t(m). Calculate b(-4).
24
Let s(h) = h**3 - 9*h**2 - 5*h - 20. Suppose 0 = 15*m + 107*m - 1220. Determine s(m).
30
Let z(w) = 9*w - 1. Suppose 64*q + 550 = -87*q + 41*q. Give z(q).
-46
Let a(c) = -38*c + 139. Suppose -298 + 325 = 6*l - 3*s, -2*l + 4 = 4*s. Determine a(l).
-13
Let y(w) = 4*w + 9. Let t(n) = -n - 1 + 23 + 9 - 50. Let o be t(-14). Give y(o).
-11
Let c = -54 - -58. Let j = -2 + c. Let s(q) = -4*q - 18*q**j + 3*q + 0*q + 4*q**2. Calculate s(1).
-15
Suppose -5*d + 63 = -4*u, -9*u - 3 = -d - 13*u. Let x(y) be the second derivative of -y**3/6 + 3*y**2 + 2*y. What is x(d)?
-5
Suppose -2*t + 0 - 2 = j, -5*t - 11 = j. Suppose 0*g - g = -5, -5*l = -j*g - 25. Let r(c) = c**3 + 13*c**2 - l - 2*c**3 + 2*c**2 - 9*c**2 + 8*c. Determine r(7).
-2
Let v(i) = -i**3 - 5*i**2 + 2*i - 6. Let z be (1/8)/((-3)/(-24)). Let l be (2/(-8))/(z/(-4)). Let m(p) = -7*p**2 + 6*p - 5. Let u be m(l). What is v(u)?
18
Let i(t) = -54*t + 110. Let j(b) = -25*b + 51. Let n(p) = 6*i(p) - 13*j(p). Give n(-4).
-7
Let j be -1 + 0 + -5 + (18 - 10). Let p(f) = -14*f**3 + 4*f**2 - 10*f**j + f + 25*f**3 - 12*f**3 + 5. Determine p(-4).
-31
Let g(n) be the first derivative of 27/2*n**2 - 12 + 14/3*n**3 + 2*n. Let z(m) = -5*m**2 - 9*m - 1. Let u(x) = -6*g(x) - 17*z(x). Calculate u(8).
-3
Let i(g) = 2*g**2 - 2*g + 2. Let h(u) = 3*u**2 + 20*u - 6. Let w be 7/((3 + 1)/(-4)). Let d be h(w). Let j(b) = 7*b - 5. Let y be j(d). Determine i